prime factors of 2793076?
2, 11, 13, 19, 257
What are the prime factors of 30922588?
2, 2441, 3167
What are the prime factors of 226454?
2, 113227
List the prime factors of 2274290.
2, 5, 467, 487
What are the prime factors of 1248075?
3, 5, 43
List the prime factors of 4004.
2, 7, 11, 13
List the prime factors of 1802426.
2, 901213
What are the prime factors of 444642?
2, 3, 11, 6737
What are the prime factors of 24347385?
3, 5, 29, 691
What are the prime factors of 3206486?
2, 67, 23929
List the prime factors of 441441.
3, 7, 11, 13
What are the prime factors of 3210452?
2, 7, 114659
What are the prime factors of 372868?
2, 31, 97
What are the prime factors of 2169556?
2, 41, 13229
What are the prime factors of 19678856?
2, 2459857
What are the prime factors of 1044481?
47, 71, 313
What are the prime factors of 1227829?
1227829
What are the prime factors of 4230202?
2, 2115101
List the prime factors of 2594462.
2, 13, 99787
List the prime factors of 5339619.
3, 593291
What are the prime factors of 1366065?
3, 5, 3373
List the prime factors of 381290.
2, 5, 7, 13, 419
List the prime factors of 88350.
2, 3, 5, 19, 31
What are the prime factors of 28740405?
3, 5, 1916027
List the prime factors of 1540806.
2, 3, 256801
What are the prime factors of 293535?
3, 5, 11, 593
List the prime factors of 694684.
2, 173671
What are the prime factors of 4967336?
2, 11, 47, 1201
List the prime factors of 254208.
2, 3, 331
What are the prime factors of 8201216?
2, 8009
List the prime factors of 1156038.
2, 3, 13, 14821
What are the prime factors of 6462885?
3, 5, 11, 13, 23, 131
What are the prime factors of 10728191?
10728191
List the prime factors of 832052.
2, 13, 16001
What are the prime factors of 548650?
2, 5, 10973
List the prime factors of 1261314.
2, 3, 79, 887
What are the prime factors of 258218?
2, 41, 47, 67
What are the prime factors of 819954?
2, 3, 45553
List the prime factors of 294754.
2, 147377
What are the prime factors of 25878254?
2, 12939127
List the prime factors of 154009.
337, 457
List the prime factors of 165370.
2, 5, 23, 719
What are the prime factors of 8094475?
5, 19, 17041
List the prime factors of 163400.
2, 5, 19, 43
What are the prime factors of 965726?
2, 482863
List the prime factors of 335072.
2, 37, 283
What are the prime factors of 36843957?
3, 53, 25747
What are the prime factors of 263976?
2, 3, 17, 647
What are the prime factors of 2756588?
2, 683, 1009
What are the prime factors of 1984020?
2, 3, 5, 43, 769
List the prime factors of 43482254.
2, 21741127
What are the prime factors of 10079086?
2, 157, 32099
List the prime factors of 2108023.
827, 2549
What are the prime factors of 17395269?
3, 2273, 2551
List the prime factors of 397940.
2, 5, 101, 197
List the prime factors of 15380826.
2, 3, 37, 79, 877
List the prime factors of 473488.
2, 101, 293
What are the prime factors of 14915749?
17, 877397
What are the prime factors of 297418?
2, 11, 1229
What are the prime factors of 245201?
11, 22291
What are the prime factors of 443261?
7, 13, 4871
List the prime factors of 792235.
5, 23, 83
What are the prime factors of 58377?
3, 11, 29, 61
List the prime factors of 11913817.
19, 53, 11831
List the prime factors of 6422613.
3, 73, 29327
List the prime factors of 3273094.
2, 11, 37, 4021
List the prime factors of 388933.
388933
What are the prime factors of 234503?
151, 1553
List the prime factors of 53173.
53173
List the prime factors of 250700.
2, 5, 23, 109
What are the prime factors of 78345?
3, 5, 1741
What are the prime factors of 25555?
5, 19, 269
List the prime factors of 676571.
7, 19, 5087
List the prime factors of 16619376.
2, 3, 19, 18223
What are the prime factors of 605888?
2, 9467
List the prime factors of 9002.
2, 7, 643
List the prime factors of 362484.
2, 3, 10069
What are the prime factors of 55134?
2, 3, 1021
What are the prime factors of 1286002?
2, 61, 83, 127
List the prime factors of 5787267.
3, 19, 101531
List the prime factors of 4915067.
4915067
What are the prime factors of 5045745?
3, 5, 359, 937
List the prime factors of 7329928.
2, 107, 8563
List the prime factors of 254539.
331, 769
List the prime factors of 1479036.
2, 3, 13, 19, 499
List the prime factors of 246302.
2, 7, 73, 241
What are the prime factors of 37620?
2, 3, 5, 11, 19
List the prime factors of 2015072.
2, 62971
What are the prime factors of 1812185?
5, 59, 6143
What are the prime factors of 18896?
2, 1181
List the prime factors of 400048.
2, 11, 2273
List the prime factors of 9868617.
3, 11, 83, 1201
What are the prime factors of 11720699?
113, 103723
List the prime factors of 59550.
2, 3, 5, 397
List the prime factors of 90304.
2, 17, 83
List the prime factors of 7082345.
5, 19, 74551
What are the prime factors of 925977?
3, 13, 23743
What are the prime factors of 3446844?
2, 3, 287237
List the prime factors of 18573795.
3, 5, 191, 2161
List the prime factors of 15259689.
3, 313, 5417
List the prime factors of 371544.
2, 3, 113, 137
What are the prime factors of 219819?
3, 47, 1559
List the prime factors of 2309383.
109, 21187
List the prime factors of 269911.
43, 6277
List the prime factors of 2139765.
3, 5, 29, 4919
List the prime factors of 135523.
59, 2297
What are the prime factors of 653495?
5, 130699
What are the prime factors of 854798?
2, 7, 61057
What are the prime factors of 133972?
2, 33493
What are the prime factors of 2040180?
2, 3, 5, 37, 919
What are the prime factors of 6440213?
13, 495401
What are the prime factors of 1816882?
2, 908441
List the prime factors of 436422.
2, 3, 7, 10391
What are the prime factors of 6343340?
2, 5, 19, 16693
What are the prime factors of 1513107?
3, 56041
What are the prime factors of 966382?
2, 17, 43, 661
What are the prime factors of 109722?
2, 3, 18287
List the prime factors of 16612940.
2, 5, 29, 28643
List the prime factors of 1227779.
7, 43, 4079
List the prime factors of 544562.
2, 29, 41, 229
List the prime factors of 107030.
2, 5, 7, 11, 139
List the prime factors of 337226.
2, 23, 7331
What are the prime factors of 9435821?
479, 19699
What are the prime factors of 412898?
2, 431, 479
List the prime factors of 215966.
2, 83, 1301
What are the prime factors of 450676?
2, 307, 367
List the prime factors of 620008.
2, 19, 4079
List the prime factors of 19542911.
17, 103, 11161
List the prime factors of 1758070.
2, 5, 19, 487
List the prime factors of 1584789.
3, 528263
What are the prime factors of 1179092?
2, 294773
List the prime factors of 448213.
397, 1129
List the prime factors of 522049.
11, 47459
What are the prime factors of 1563902?
2, 781951
List the prime factors of 10224955.
5, 13, 157307
What are the prime factors of 2187936?
2, 3, 71, 107
What are the prime factors of 10765191?
3, 19, 188863
What are the prime factors of 562669?
562669
List the prime factors of 11575328.
2, 59, 6131
What are the prime factors of 2407382?
2, 1203691
List the prime factors of 834709.
834709
List the prime factors of 6094909.
6094909
What are the prime factors of 1071552?
2, 3, 5581
List the prime factors of 716903.
11, 65173
List the prime factors of 1128346.
2, 564173
What are the prime factors of 28651636?
2, 13, 550993
What are the prime factors of 1566665?
5, 313333
What are the prime factors of 3290112?
2, 3, 7, 17
What are the prime factors of 172821?
3, 11, 5237
What are the prime factors of 3716125?
5, 7, 31, 137
What are the prime factors of 212506?
2, 7, 43, 353
What are the prime factors of 46506?
2, 3, 23, 337
What are the prime factors of 8066079?
3, 7, 128033
List the prime factors of 1256218.
2, 227, 2767
What are the prime factors of 4180803?
3, 11, 126691
What are the prime factors of 38325?
3, 5, 7, 73
What are the prime factors of 7178242?
2, 71, 50551
What are the prime factors of 1379322?
2, 3, 7, 41, 89
What are the prime factors of 1738548?
2, 3, 7, 6899
What are the prime factors of 723661?
723661
List the prime factors of 27186.
2, 3, 23, 197
List the prime factors of 211609.
61, 3469
What are the prime factors of 52941?
3, 7, 2521
List the prime factors of 13342414.
2, 103, 239, 271
What are the prime factors of 4613550?
2, 3, 5, 30757
List the prime factors of 428948.
2, 13, 73, 113
What are the prime factors of 1817523?
3, 201947
What ar